{"id":872,"date":"2025-10-16T07:56:18","date_gmt":"2025-10-16T06:56:18","guid":{"rendered":"https:\/\/ethalis.fr\/?page_id=872"},"modified":"2025-11-24T11:57:34","modified_gmt":"2025-11-24T10:57:34","slug":"elementor-page-872","status":"publish","type":"page","link":"https:\/\/ethalis.fr\/index.php\/elementor-page-872\/","title":{"rendered":"Les Bilans de Comp\u00e9tences"},"content":{"rendered":"\t\t<div data-elementor-type=\"wp-page\" data-elementor-id=\"872\" class=\"elementor elementor-872\">\n\t\t\t\t\t\t<section class=\"elementor-section elementor-top-section elementor-element elementor-element-48ad6d1d elementor-section-height-min-height elementor-section-boxed elementor-section-height-default elementor-section-items-middle\" data-id=\"48ad6d1d\" data-element_type=\"section\" data-e-type=\"section\" data-settings=\"{&quot;background_background&quot;:&quot;classic&quot;}\">\n\t\t\t\t\t\t\t<div class=\"elementor-background-overlay\"><\/div>\n\t\t\t\t\t\t\t<div class=\"elementor-container elementor-column-gap-no\">\n\t\t\t\t\t<div class=\"elementor-column elementor-col-100 elementor-top-column elementor-element elementor-element-dcf882d\" data-id=\"dcf882d\" data-element_type=\"column\" data-e-type=\"column\" data-settings=\"{&quot;background_background&quot;:&quot;classic&quot;}\">\n\t\t\t<div class=\"elementor-widget-wrap elementor-element-populated\">\n\t\t\t\t\t\t<div class=\"elementor-element elementor-element-703b95a0 elementor-widget elementor-widget-heading\" data-id=\"703b95a0\" data-element_type=\"widget\" data-e-type=\"widget\" data-widget_type=\"heading.default\">\n\t\t\t\t\t<h1 class=\"elementor-heading-title elementor-size-default\">Le Bilan de comp\u00e9tance<\/h1>\t\t\t\t<\/div>\n\t\t\t\t\t<\/div>\n\t\t<\/div>\n\t\t\t\t\t<\/div>\n\t\t<\/section>\n\t\t\t\t<section class=\"elementor-section elementor-top-section elementor-element elementor-element-3c42fdd elementor-section-boxed elementor-section-height-default elementor-section-height-default\" data-id=\"3c42fdd\" data-element_type=\"section\" data-e-type=\"section\" data-settings=\"{&quot;background_background&quot;:&quot;classic&quot;}\">\n\t\t\t\t\t\t<div class=\"elementor-container elementor-column-gap-default\">\n\t\t\t\t\t<div class=\"elementor-column elementor-col-50 elementor-top-column elementor-element elementor-element-278b7a2\" data-id=\"278b7a2\" data-element_type=\"column\" data-e-type=\"column\" data-settings=\"{&quot;background_background&quot;:&quot;classic&quot;}\">\n\t\t\t<div class=\"elementor-widget-wrap elementor-element-populated\">\n\t\t\t\t\t\t<section class=\"elementor-section elementor-inner-section elementor-element elementor-element-df93dea elementor-section-boxed elementor-section-height-default elementor-section-height-default\" data-id=\"df93dea\" data-element_type=\"section\" data-e-type=\"section\" data-settings=\"{&quot;background_background&quot;:&quot;classic&quot;}\">\n\t\t\t\t\t\t<div class=\"elementor-container elementor-column-gap-default\">\n\t\t\t\t\t<div class=\"elementor-column elementor-col-100 elementor-inner-column elementor-element elementor-element-ea4d3b3 elementor-invisible\" data-id=\"ea4d3b3\" data-element_type=\"column\" data-e-type=\"column\" data-settings=\"{&quot;animation&quot;:&quot;fadeInLeft&quot;}\">\n\t\t\t<div class=\"elementor-widget-wrap elementor-element-populated\">\n\t\t\t\t\t\t<div class=\"elementor-element elementor-element-740c1b9 elementor-widget elementor-widget-heading\" data-id=\"740c1b9\" data-element_type=\"widget\" data-e-type=\"widget\" data-widget_type=\"heading.default\">\n\t\t\t\t\t<h2 class=\"elementor-heading-title elementor-size-default\">Un investissement \u00e9thique pour la qualit\u00e9 et l'engagement des \u00e9quipes. <\/h2>\t\t\t\t<\/div>\n\t\t\t\t<div class=\"elementor-element elementor-element-247f1c5 elementor-widget elementor-widget-spacer\" data-id=\"247f1c5\" data-element_type=\"widget\" data-e-type=\"widget\" data-widget_type=\"spacer.default\">\n\t\t\t\t\t\t\t<div class=\"elementor-spacer\">\n\t\t\t<div class=\"elementor-spacer-inner\"><\/div>\n\t\t<\/div>\n\t\t\t\t\t\t<\/div>\n\t\t\t\t<div class=\"elementor-element elementor-element-21b9f5f elementor-widget elementor-widget-text-editor\" data-id=\"21b9f5f\" data-element_type=\"widget\" data-e-type=\"widget\" data-widget_type=\"text-editor.default\">\n\t\t\t\t\t\t\t\t\t<p>Dans un secteur o\u00f9 l&rsquo;<strong>engagement humain<\/strong> et la <strong>bienveillance<\/strong> sont au c\u0153ur de la mission des <strong>\u00e9tablissements m\u00e9dico-sociaux<\/strong> vos professionnels ressentent le besoin l\u00e9gitime d&rsquo;\u00e9voluer, de se repositionner, parfois par aspiration, parfois par n\u00e9cessit\u00e9. <strong>N\u00e9gliger ce cheminement, c&rsquo;est mettre en p\u00e9ril leur sant\u00e9 et, par cons\u00e9quent, la qualit\u00e9 de l&rsquo;accompagnement des usagers.<\/strong><\/p><p>C&rsquo;est pourquoi le <strong>Bilan de Comp\u00e9tences<\/strong> est un acte de <strong>responsabilit\u00e9 \u00e9thique<\/strong>, un levier de <strong>pr\u00e9vention des risques psychosociaux<\/strong> et un gage de soutien pour vos \u00e9quipes.<\/p>\t\t\t\t\t\t\t\t<\/div>\n\t\t<div class=\"elementor-element elementor-element-d110267 e-flex e-con-boxed e-con e-parent\" data-id=\"d110267\" data-element_type=\"container\" data-e-type=\"container\">\n\t\t\t\t\t<div class=\"e-con-inner\">\n\t\t\t\t<div class=\"elementor-element elementor-element-b719b7a elementor-widget elementor-widget-heading\" data-id=\"b719b7a\" data-element_type=\"widget\" data-e-type=\"widget\" data-widget_type=\"heading.default\">\n\t\t\t\t\t<h3 class=\"elementor-heading-title elementor-size-default\">Pour le professionnel : retrouver sens et \u00e9lan gr\u00e2ce au Bilan de Comp\u00e9tences<\/h3>\t\t\t\t<\/div>\n\t\t\t\t<div class=\"elementor-element elementor-element-22b6814 elementor-widget elementor-widget-text-editor\" data-id=\"22b6814\" data-element_type=\"widget\" data-e-type=\"widget\" data-widget_type=\"text-editor.default\">\n\t\t\t\t\t\t\t\t\t<p>Un <strong>accompagnement structur\u00e9 <\/strong>et individualis\u00e9, c&rsquo;est offrir \u00e0 vos collaborateurs la possibilit\u00e9 de :<\/p><p><strong>&#8211; Clarifier et s\u00e9curiser l&rsquo;avenir professionnel :<\/strong> D\u00e9finir un <strong>projet d&rsquo;\u00e9volution pr\u00e9cis<\/strong> (interne ou externe) bas\u00e9 sur un bilan rigoureux des <strong>comp\u00e9tences<\/strong>, motivations et aspirations.<\/p><p><strong>&#8211; Pr\u00e9venir l&rsquo;\u00e9puisement professionnel (burn-out) :<\/strong> Remplacer la lassitude par une dynamique constructive et valorisante, redonnant du <strong>sens au travail<\/strong> et de la visibilit\u00e9 au parcours.<\/p><p><strong>&#8211; \u00catre acteur de son parcours en secteur social :<\/strong> Permettre au professionnel de se sentir soutenu et valoris\u00e9, un gage de <strong>bien-\u00eatre mental<\/strong> essentiel \u00e0 la posture d&rsquo;aide.<\/p>\t\t\t\t\t\t\t\t<\/div>\n\t\t\t\t\t<\/div>\n\t\t\t\t<\/div>\n\t\t\t\t\t<\/div>\n\t\t<\/div>\n\t\t\t\t\t<\/div>\n\t\t<\/section>\n\t\t\t\t\t<\/div>\n\t\t<\/div>\n\t\t\t\t<div class=\"elementor-column elementor-col-50 elementor-top-column elementor-element elementor-element-53ded3e\" data-id=\"53ded3e\" data-element_type=\"column\" data-e-type=\"column\">\n\t\t\t<div class=\"elementor-widget-wrap elementor-element-populated\">\n\t\t\t\t\t\t<div class=\"elementor-element elementor-element-dc441c6 elementor-widget elementor-widget-image\" data-id=\"dc441c6\" data-element_type=\"widget\" data-e-type=\"widget\" data-widget_type=\"image.default\">\n\t\t\t\t\t\t\t\t\t\t\t\t\t\t\t<img decoding=\"async\" width=\"150\" height=\"150\" src=\"https:\/\/ethalis.fr\/wp-content\/uploads\/2025\/10\/executive-3461929_1280-1-150x150.jpg\" class=\"attachment-thumbnail size-thumbnail wp-image-1010\" alt=\"\" \/>\t\t\t\t\t\t\t\t\t\t\t\t\t\t\t<\/div>\n\t\t\t\t<div class=\"elementor-element elementor-element-f9841aa elementor-widget elementor-widget-image\" data-id=\"f9841aa\" data-element_type=\"widget\" data-e-type=\"widget\" data-widget_type=\"image.default\">\n\t\t\t\t\t\t\t\t\t\t\t\t\t\t\t<img fetchpriority=\"high\" decoding=\"async\" width=\"1280\" height=\"554\" src=\"https:\/\/ethalis.fr\/wp-content\/uploads\/2025\/10\/competence-2741773_1280.jpg\" class=\"attachment-full size-full wp-image-943\" alt=\"\" srcset=\"https:\/\/ethalis.fr\/wp-content\/uploads\/2025\/10\/competence-2741773_1280.jpg 1280w, https:\/\/ethalis.fr\/wp-content\/uploads\/2025\/10\/competence-2741773_1280-300x130.jpg 300w, https:\/\/ethalis.fr\/wp-content\/uploads\/2025\/10\/competence-2741773_1280-1024x443.jpg 1024w, https:\/\/ethalis.fr\/wp-content\/uploads\/2025\/10\/competence-2741773_1280-768x332.jpg 768w\" sizes=\"(max-width: 1280px) 100vw, 1280px\" \/>\t\t\t\t\t\t\t\t\t\t\t\t\t\t\t<\/div>\n\t\t\t\t<div class=\"elementor-element elementor-element-5fa4dfc elementor-widget elementor-widget-spacer\" data-id=\"5fa4dfc\" data-element_type=\"widget\" data-e-type=\"widget\" data-widget_type=\"spacer.default\">\n\t\t\t\t\t\t\t<div class=\"elementor-spacer\">\n\t\t\t<div class=\"elementor-spacer-inner\"><\/div>\n\t\t<\/div>\n\t\t\t\t\t\t<\/div>\n\t\t\t\t<div class=\"elementor-element elementor-element-d95bfb2 elementor-widget elementor-widget-heading\" data-id=\"d95bfb2\" data-element_type=\"widget\" data-e-type=\"widget\" data-widget_type=\"heading.default\">\n\t\t\t\t\t<h2 class=\"elementor-heading-title elementor-size-default\">Pour la Structure M\u00e9dico-Sociale : une approche \u00e9thique et p\u00e9renne de la GPEC <\/h2>\t\t\t\t<\/div>\n\t\t\t\t<div class=\"elementor-element elementor-element-2e7c0a5 elementor-widget elementor-widget-text-editor\" data-id=\"2e7c0a5\" data-element_type=\"widget\" data-e-type=\"widget\" data-widget_type=\"text-editor.default\">\n\t\t\t\t\t\t\t\t\t<p>Investir dans la <strong>transition professionnelle de vos collaborateurs<\/strong>, c&rsquo;est adopter une posture de leader responsable qui g\u00e9n\u00e8re des <strong>b\u00e9n\u00e9fices essentiels \u00e0 la qualit\u00e9 de l&rsquo;institution<\/strong> :<\/p><p><strong>&#8211; R\u00e9duction des risques psychosociaux<\/strong> : Pr\u00e9venez activement le <strong>burn-out des soignants<\/strong>, les arr\u00eats longs et les tensions internes en traitant l&rsquo;usure professionnelle \u00e0 la source.<\/p><p><strong>&#8211; Protection de l&rsquo;engagement \u00e9thique :<\/strong> Faites preuve de <strong>bienveillance et de responsabilit\u00e9<\/strong> jusqu&rsquo;au bout. Un d\u00e9part g\u00e9r\u00e9 positivement renforce l&rsquo;<strong>image de votre structure<\/strong> comme un employeur respectueux des parcours dans le secteur social.<\/p><p><strong>&#8211; Maintien de la qualit\u00e9 des prestations et de l&rsquo;encadrement :<\/strong> Un professionnel repositionn\u00e9 ou accompagn\u00e9 sereinement (interne ou externe) n&rsquo;est plus un risque de \u00ab\u00a0maltraitance institutionnelle\u00a0\u00bb. Vous prot\u00e9gez la sant\u00e9 mentale globale de votre structure et, par ricochet, celle des usagers.<\/p><p><strong>&#8211; Pr\u00e9servation de la coh\u00e9sion d&rsquo;\u00e9quipe et de l&rsquo;\u00e9quilibre interne.<\/strong><\/p><p><strong>Accompagner vos \u00e9quipes dans leur transition, c&rsquo;est faire le choix d&rsquo;une organisation qui place l&rsquo;humain et l&rsquo;\u00e9thique au c\u0153ur de sa performance durable dans le secteur social et m\u00e9dico-social.<\/strong>\u00a0<\/p>\t\t\t\t\t\t\t\t<\/div>\n\t\t\t\t<div class=\"elementor-element elementor-element-5c377f4 elementor-tablet-align-center elementor-align-justify elementor-mobile-align-justify elementor-widget elementor-widget-button\" data-id=\"5c377f4\" data-element_type=\"widget\" data-e-type=\"widget\" data-widget_type=\"button.default\">\n\t\t\t\t\t\t\t\t\t\t<a class=\"elementor-button elementor-button-link elementor-size-sm elementor-animation-float\" href=\"https:\/\/ethalis.fr\/index.php\/elementor-page-888\/\">\n\t\t\t\t\t\t<span class=\"elementor-button-content-wrapper\">\n\t\t\t\t\t\t\t\t\t<span class=\"elementor-button-text\">En savoir Plus<\/span>\n\t\t\t\t\t<\/span>\n\t\t\t\t\t<\/a>\n\t\t\t\t\t\t\t\t<\/div>\n\t\t\t\t\t<\/div>\n\t\t<\/div>\n\t\t\t\t\t<\/div>\n\t\t<\/section>\n\t\t\t\t<\/div>\n\t\t","protected":false},"excerpt":{"rendered":"<p>Le Bilan de comp\u00e9tance Un investissement \u00e9thique pour la qualit\u00e9 et l&rsquo;engagement des \u00e9quipes. Dans un secteur o\u00f9 l&rsquo;engagement humain et la bienveillance sont au c\u0153ur de la mission des \u00e9tablissements m\u00e9dico-sociaux vos professionnels ressentent le besoin l\u00e9gitime d&rsquo;\u00e9voluer, de se repositionner, parfois par aspiration, parfois par n\u00e9cessit\u00e9. N\u00e9gliger ce cheminement, c&rsquo;est mettre en p\u00e9ril [&hellip;]<\/p>\n","protected":false},"author":2,"featured_media":0,"parent":0,"menu_order":0,"comment_status":"closed","ping_status":"closed","template":"elementor_header_footer","meta":{"footnotes":""},"class_list":["post-872","page","type-page","status-publish","hentry"],"_links":{"self":[{"href":"https:\/\/ethalis.fr\/index.php\/wp-json\/wp\/v2\/pages\/872","targetHints":{"allow":["GET"]}}],"collection":[{"href":"https:\/\/ethalis.fr\/index.php\/wp-json\/wp\/v2\/pages"}],"about":[{"href":"https:\/\/ethalis.fr\/index.php\/wp-json\/wp\/v2\/types\/page"}],"author":[{"embeddable":true,"href":"https:\/\/ethalis.fr\/index.php\/wp-json\/wp\/v2\/users\/2"}],"replies":[{"embeddable":true,"href":"https:\/\/ethalis.fr\/index.php\/wp-json\/wp\/v2\/comments?post=872"}],"version-history":[{"count":27,"href":"https:\/\/ethalis.fr\/index.php\/wp-json\/wp\/v2\/pages\/872\/revisions"}],"predecessor-version":[{"id":1327,"href":"https:\/\/ethalis.fr\/index.php\/wp-json\/wp\/v2\/pages\/872\/revisions\/1327"}],"wp:attachment":[{"href":"https:\/\/ethalis.fr\/index.php\/wp-json\/wp\/v2\/media?parent=872"}],"curies":[{"name":"wp","href":"https:\/\/api.w.org\/{rel}","templated":true}]}}